{"id":754,"date":"2024-05-02T10:30:32","date_gmt":"2024-05-02T13:30:32","guid":{"rendered":"http:\/\/localhost\/site\/?page_id=754"},"modified":"2024-08-19T15:36:04","modified_gmt":"2024-08-19T18:36:04","slug":"programa-de-pos-graduacao","status":"publish","type":"page","link":"https:\/\/esafaz.sefaz.pe.gov.br\/index.php\/programa-de-pos-graduacao\/","title":{"rendered":"Programa de P\u00f3s-Gradua\u00e7\u00e3o"},"content":{"rendered":"\n<!DOCTYPE html>\n<html lang=\"pt-BR\">\n<head>\n    <meta charset=\"UTF-8\">\n    <meta name=\"viewport\" content=\"width=device-width, initial-scale=1.0\">\n    <link href=\"https:\/\/stackpath.bootstrapcdn.com\/bootstrap\/4.5.2\/css\/bootstrap.min.css\" rel=\"stylesheet\">\n    <title>Texto em torno da Imagem<\/title>\n    <style>\n        body {\n            background-color: #f8f9fa;\n        }\n\n        h2 {\n            color: #343a40;\n        }\n\n        \n\n        .image-wrap {\n            float: left; \/* Faz a imagem flutuar \u00e0 esquerda *\/\n            margin-right: 25px; \/* Espa\u00e7amento \u00e0 direita da imagem *\/\n            margin-bottom: 10px; \/* Espa\u00e7amento inferior para evitar que o texto fique muito pr\u00f3ximo *\/\n        }\n\n        .image-wrap img {\n            max-width: 400px; \/* Tamanho da imagem *\/\n            height: auto; \/* Mant\u00e9m a propor\u00e7\u00e3o da imagem *\/\n        }\n    <\/style>\n<\/head>\n<body>\n    <div class=\"container mt-5\">\n        <h2>Programa de P\u00f3s-Gradua\u00e7\u00e3o em Ci\u00eancia de dados e Analytics<\/h2><\/br>\n        <div class=\"image-wrap\">\n            <img decoding=\"async\" src=\"https:\/\/portalesafaz.sefaz.pe.gov.br\/wp-content\/uploads\/2024\/05\/pos.jpeg\" alt=\"Imagem escola\" class=\"img-fluid\">\n        <\/div>\n        <p>\n           Foi lan\u00e7ado, no dia 14\/03, o Edital n\u00b0 001\/2024, para o Curso de P\u00f3s-Gradua\u00e7\u00e3o em Ci\u00eancia de Dados e Analytics, em parceria com a Escola Polit\u00e9cnica de Pernambuco (POLI) da Universidade de Pernambuco (UPE).\n<\/p>\n<p>\n\u00a0Seguem abaixo algumas informa\u00e7\u00f5es importantes sobre o curso:\n<\/p>\n<p>\n<ul>\n<li> Modalidade: &#8220;in company&#8221;, vers\u00e3o h\u00edbrida, em turma fechada.<\/li>\n<li> Parceria: Escola Fazend\u00e1ria \u2013 Esafaz, com a Escola Polit\u00e9cnica de Pernambuco \u2013 Poli, da Universidade de Pernambuco \u2013 UPE.<\/li>\n<li> Carga hor\u00e1ria: 360h (trezentos e sessenta horas).<\/li>\n<li> Dura\u00e7\u00e3o prevista: 16 (dezesseis) meses.<\/li><\/br>\n<li> Periodicidade das aulas:<\/li>\n\u00a0 \u00a0\u00a0I. Uma semana com aulas nas segundas, quartas e quintas-feiras, de forma h\u00edbrida (aulas remotas e presenciais na Poli), das 17h \u00e0s 21h.<\/br>\n\u00a0 \u00a0 II. Nas semanas intercaladas, haver\u00e1 um encontro nas quintas-feiras (das 17h \u00e0s 21h) para tratar de projetos do curso.<\/br>\n<li> Crit\u00e9rios de aprova\u00e7\u00e3o: Cumprimento de, pelo menos, 75% (setenta e cinco por cento) da carga-hor\u00e1ria e obten\u00e7\u00e3o de m\u00e9dia superior a 7,0 (sete) nas atividades realizadas durante o curso.<\/li>\n<li> Vagas: Ser\u00e3o ofertadas 20 (vinte) vagas, preenchidas por crit\u00e9rio de m\u00e9rito acad\u00eamico e profissional, conforme etapas da sele\u00e7\u00e3o e ordem de classifica\u00e7\u00e3o final.<\/li>\n<\/ul>\n<\/p>\n<p> Para mais informa\u00e7\u00f5es acesse o edital abaixo.<\/p>\n\n<p> Confira o cronograma do processo seletivo: <\/p>\n<ul>\n\u00a0 \u00a0<li> Publica\u00e7\u00e3o do Edital: 14\/03\/2024<\/li>\n\u00a0 \u00a0<li> In\u00edcio das Inscri\u00e7\u00f5es: 18\/03\/2024<\/li>\n\u00a0 \u00a0<li> Encerramento das Inscri\u00e7\u00f5es: 01\/04\/2024<\/li>\n\u00a0 \u00a0<li> Divulga\u00e7\u00e3o do resultado provis\u00f3rio da classifica\u00e7\u00e3o: 09\/04\/2024<\/li>\n\u00a0 \u00a0<li> Prazo para interposi\u00e7\u00e3o de recurso contra o resultado provis\u00f3rio (02 dias \u00fateis): 10 a 11\/04\/2024<\/li>\n\u00a0 \u00a0<li> Homologa\u00e7\u00e3o e divulga\u00e7\u00e3o do resultado final: 17\/04\/2024<\/li>\n\u00a0 \u00a0<li> Assinatura do termo de compromisso: 18\/04\/2024<\/li>\n\u00a0 \u00a0<li> In\u00edcio das aulas: 22\/04\/2024<\/li>\n<\/ul>\n<p>Anexos:<\/p>\n\n<a href=\"https:\/\/portalesafaz.sefaz.pe.gov.br\/wp-content\/uploads\/2024\/05\/Edital.pdf\" target=\"_blank\" rel=\"noopener noreferrer\" style=\"text-decoration: none;\">EDITAL<\/a>\n<a href=\"https:\/\/portalesafaz.sefaz.pe.gov.br\/wp-content\/uploads\/2024\/05\/Anexo1.pdf\" target=\"_blank\" rel=\"noopener noreferrer\" style=\"text-decoration: none;\">ANEXO I<\/a>\n<a href=\"https:\/\/portalesafaz.sefaz.pe.gov.br\/wp-content\/uploads\/2024\/05\/Anexo2.pdf\" target=\"_blank\" rel=\"noopener noreferrer\" style=\"text-decoration: none;\">ANEXO II<\/a>\n<a href=\"https:\/\/portalesafaz.sefaz.pe.gov.br\/wp-content\/uploads\/2024\/05\/Anexo3.pdf\" target=\"_blank\" rel=\"noopener noreferrer\" style=\"text-decoration: none;\">ANEXO III<\/a>\n<a href=\"https:\/\/portalesafaz.sefaz.pe.gov.br\/wp-content\/uploads\/2024\/05\/Errata.pdf\" target=\"_blank\" rel=\"noopener noreferrer\" style=\"text-decoration: none;\">ERRATA<\/a>\n<a href=\"https:\/\/portalesafaz.sefaz.pe.gov.br\/wp-content\/uploads\/2024\/05\/PRORROGACAO_DAS_INSCRICOES.pdf\" target=\"_blank\" rel=\"noopener noreferrer\" style=\"text-decoration: none;\">PRORROGA\u00c7\u00c3O DAS INSCRI\u00c7\u00d5ES<\/a>\n<a href=\"https:\/\/portalesafaz.sefaz.pe.gov.br\/wp-content\/uploads\/2024\/05\/RESULTADO_PROVISORIO.pdf\" target=\"_blank\" rel=\"noopener noreferrer\" style=\"text-decoration: none;\">RESULTADO PROVIS\u00d3RIO<\/a>\n<a href=\"https:\/\/portalesafaz.sefaz.pe.gov.br\/wp-content\/uploads\/2024\/05\/Resultado-Provisorio-da-Pos-Graduacao_classificacao.pdf\" target=\"_blank\" rel=\"noopener noreferrer\" style=\"text-decoration: none;\">RESULTADO PROVIS\u00d3RIO COM ORDEM DE CLASSIFICA\u00c7\u00c3O<\/a>\n<a href=\"https:\/\/portalesafaz.sefaz.pe.gov.br\/wp-content\/uploads\/2024\/05\/REPOSTA_AO_RECURSO.pdf\" target=\"_blank\" rel=\"noopener noreferrer\" style=\"text-decoration: none;\">RESPOSTA AO RECURSO 1<\/a>\n<a href=\"https:\/\/portalesafaz.sefaz.pe.gov.br\/wp-content\/uploads\/2024\/05\/RESULTADO_DEFINITIVO.pdf\" target=\"_blank\" rel=\"noopener noreferrer\" style=\"text-decoration: none;\">RESULTADO DEFINITIVO<\/a>\n<a href=\"https:\/\/portalesafaz.sefaz.pe.gov.br\/wp-content\/uploads\/2024\/05\/HOMOLOGACAO.pdf\" target=\"_blank\" rel=\"noopener noreferrer\" style=\"text-decoration: none;\">HOMOLOGA\u00c7\u00c3O<\/a><\/br><\/br><\/br><\/br>\n<\/p>\n    <\/div>\n\n    <script src=\"https:\/\/code.jquery.com\/jquery-3.5.1.slim.min.js\"><\/script>\n    <script src=\"https:\/\/cdn.jsdelivr.net\/npm\/@popperjs\/core@2.5.2\/dist\/umd\/popper.min.js\"><\/script>\n    <script src=\"https:\/\/stackpath.bootstrapcdn.com\/bootstrap\/4.5.2\/js\/bootstrap.min.js\"><\/script>\n<\/body>\n<\/html>\n","protected":false},"excerpt":{"rendered":"<p>Texto em torno da Imagem Programa de P\u00f3s-Gradua\u00e7\u00e3o em Ci\u00eancia de dados e Analytics Foi lan\u00e7ado, no dia 14\/03, o Edital n\u00b0 001\/2024, para o Curso de P\u00f3s-Gradua\u00e7\u00e3o em Ci\u00eancia de Dados e Analytics, em parceria com a Escola Polit\u00e9cnica de Pernambuco (POLI) da Universidade de Pernambuco (UPE). \u00a0Seguem abaixo algumas informa\u00e7\u00f5es importantes sobre o &#8230; <a title=\"Programa de P\u00f3s-Gradua\u00e7\u00e3o\" class=\"read-more\" href=\"https:\/\/esafaz.sefaz.pe.gov.br\/index.php\/programa-de-pos-graduacao\/\" aria-label=\"Read more about Programa de P\u00f3s-Gradua\u00e7\u00e3o\">Ler mais<\/a><\/p>\n","protected":false},"author":1,"featured_media":0,"parent":0,"menu_order":0,"comment_status":"closed","ping_status":"closed","template":"","meta":{"inline_featured_image":false,"courseId":0,"footnotes":""},"class_list":["post-754","page","type-page","status-publish"],"yoast_head":"<!-- This site is optimized with the Yoast SEO plugin v25.1 - https:\/\/yoast.com\/wordpress\/plugins\/seo\/ -->\r\n<title>Programa de P\u00f3s-Gradua\u00e7\u00e3o - Site Esafaz<\/title>\r\n<meta name=\"robots\" content=\"index, follow, max-snippet:-1, max-image-preview:large, max-video-preview:-1\" \/>\r\n<link rel=\"canonical\" href=\"https:\/\/portalesafaz.sefaz.pe.gov.br\/index.php\/programa-de-pos-graduacao\/\" \/>\r\n<meta property=\"og:locale\" content=\"pt_BR\" \/>\r\n<meta property=\"og:type\" content=\"article\" \/>\r\n<meta property=\"og:title\" content=\"Programa de P\u00f3s-Gradua\u00e7\u00e3o - Site Esafaz\" \/>\r\n<meta property=\"og:description\" content=\"Texto em torno da Imagem Programa de P\u00f3s-Gradua\u00e7\u00e3o em Ci\u00eancia de dados e Analytics Foi lan\u00e7ado, no dia 14\/03, o Edital n\u00b0 001\/2024, para o Curso de P\u00f3s-Gradua\u00e7\u00e3o em Ci\u00eancia de Dados e Analytics, em parceria com a Escola Polit\u00e9cnica de Pernambuco (POLI) da Universidade de Pernambuco (UPE). \u00a0Seguem abaixo algumas informa\u00e7\u00f5es importantes sobre o ... Ler mais\" \/>\r\n<meta property=\"og:url\" content=\"https:\/\/portalesafaz.sefaz.pe.gov.br\/index.php\/programa-de-pos-graduacao\/\" \/>\r\n<meta property=\"og:site_name\" content=\"Site Esafaz\" \/>\r\n<meta property=\"article:modified_time\" content=\"2024-08-19T18:36:04+00:00\" \/>\r\n<meta property=\"og:image\" content=\"https:\/\/portalesafaz.sefaz.pe.gov.br\/wp-content\/uploads\/2024\/05\/pos.jpeg\" \/>\r\n<meta name=\"twitter:card\" content=\"summary_large_image\" \/>\r\n<meta name=\"twitter:label1\" content=\"Est. tempo de leitura\" \/>\n\t<meta name=\"twitter:data1\" content=\"2 minutos\" \/>\r\n<script type=\"application\/ld+json\" class=\"yoast-schema-graph\">{\"@context\":\"https:\/\/schema.org\",\"@graph\":[{\"@type\":\"WebPage\",\"@id\":\"https:\/\/portalesafaz.sefaz.pe.gov.br\/index.php\/programa-de-pos-graduacao\/\",\"url\":\"https:\/\/portalesafaz.sefaz.pe.gov.br\/index.php\/programa-de-pos-graduacao\/\",\"name\":\"Programa de P\u00f3s-Gradua\u00e7\u00e3o - Site Esafaz\",\"isPartOf\":{\"@id\":\"http:\/\/localhost\/#website\"},\"primaryImageOfPage\":{\"@id\":\"https:\/\/portalesafaz.sefaz.pe.gov.br\/index.php\/programa-de-pos-graduacao\/#primaryimage\"},\"image\":{\"@id\":\"https:\/\/portalesafaz.sefaz.pe.gov.br\/index.php\/programa-de-pos-graduacao\/#primaryimage\"},\"thumbnailUrl\":\"https:\/\/portalesafaz.sefaz.pe.gov.br\/wp-content\/uploads\/2024\/05\/pos.jpeg\",\"datePublished\":\"2024-05-02T13:30:32+00:00\",\"dateModified\":\"2024-08-19T18:36:04+00:00\",\"breadcrumb\":{\"@id\":\"https:\/\/portalesafaz.sefaz.pe.gov.br\/index.php\/programa-de-pos-graduacao\/#breadcrumb\"},\"inLanguage\":\"pt-BR\",\"potentialAction\":[{\"@type\":\"ReadAction\",\"target\":[\"https:\/\/portalesafaz.sefaz.pe.gov.br\/index.php\/programa-de-pos-graduacao\/\"]}]},{\"@type\":\"ImageObject\",\"inLanguage\":\"pt-BR\",\"@id\":\"https:\/\/portalesafaz.sefaz.pe.gov.br\/index.php\/programa-de-pos-graduacao\/#primaryimage\",\"url\":\"https:\/\/portalesafaz.sefaz.pe.gov.br\/wp-content\/uploads\/2024\/05\/pos.jpeg\",\"contentUrl\":\"https:\/\/portalesafaz.sefaz.pe.gov.br\/wp-content\/uploads\/2024\/05\/pos.jpeg\"},{\"@type\":\"BreadcrumbList\",\"@id\":\"https:\/\/portalesafaz.sefaz.pe.gov.br\/index.php\/programa-de-pos-graduacao\/#breadcrumb\",\"itemListElement\":[{\"@type\":\"ListItem\",\"position\":1,\"name\":\"In\u00edcio\",\"item\":\"https:\/\/esafaz.sefaz.pe.gov.br\/\"},{\"@type\":\"ListItem\",\"position\":2,\"name\":\"Programa de P\u00f3s-Gradua\u00e7\u00e3o\"}]},{\"@type\":\"WebSite\",\"@id\":\"http:\/\/localhost\/#website\",\"url\":\"http:\/\/localhost\/\",\"name\":\"Portal Esafaz\",\"description\":\"\",\"publisher\":{\"@id\":\"http:\/\/localhost\/#organization\"},\"potentialAction\":[{\"@type\":\"SearchAction\",\"target\":{\"@type\":\"EntryPoint\",\"urlTemplate\":\"http:\/\/localhost\/?s={search_term_string}\"},\"query-input\":{\"@type\":\"PropertyValueSpecification\",\"valueRequired\":true,\"valueName\":\"search_term_string\"}}],\"inLanguage\":\"pt-BR\"},{\"@type\":\"Organization\",\"@id\":\"http:\/\/localhost\/#organization\",\"name\":\"Portal Esafaz\",\"url\":\"http:\/\/localhost\/\",\"logo\":{\"@type\":\"ImageObject\",\"inLanguage\":\"pt-BR\",\"@id\":\"http:\/\/localhost\/#\/schema\/logo\/image\/\",\"url\":\"https:\/\/portalesafaz.sefaz.pe.gov.br\/wp-content\/uploads\/2024\/04\/icone-esafaz.jpeg\",\"contentUrl\":\"https:\/\/portalesafaz.sefaz.pe.gov.br\/wp-content\/uploads\/2024\/04\/icone-esafaz.jpeg\",\"width\":300,\"height\":300,\"caption\":\"Portal Esafaz\"},\"image\":{\"@id\":\"http:\/\/localhost\/#\/schema\/logo\/image\/\"},\"sameAs\":[\"https:\/\/www.instagram.com\/esafazpe\/\"]}]}<\/script>\r\n<!-- \/ Yoast SEO plugin. -->","yoast_head_json":{"title":"Programa de P\u00f3s-Gradua\u00e7\u00e3o - Site Esafaz","robots":{"index":"index","follow":"follow","max-snippet":"max-snippet:-1","max-image-preview":"max-image-preview:large","max-video-preview":"max-video-preview:-1"},"canonical":"https:\/\/portalesafaz.sefaz.pe.gov.br\/index.php\/programa-de-pos-graduacao\/","og_locale":"pt_BR","og_type":"article","og_title":"Programa de P\u00f3s-Gradua\u00e7\u00e3o - Site Esafaz","og_description":"Texto em torno da Imagem Programa de P\u00f3s-Gradua\u00e7\u00e3o em Ci\u00eancia de dados e Analytics Foi lan\u00e7ado, no dia 14\/03, o Edital n\u00b0 001\/2024, para o Curso de P\u00f3s-Gradua\u00e7\u00e3o em Ci\u00eancia de Dados e Analytics, em parceria com a Escola Polit\u00e9cnica de Pernambuco (POLI) da Universidade de Pernambuco (UPE). \u00a0Seguem abaixo algumas informa\u00e7\u00f5es importantes sobre o ... Ler mais","og_url":"https:\/\/portalesafaz.sefaz.pe.gov.br\/index.php\/programa-de-pos-graduacao\/","og_site_name":"Site Esafaz","article_modified_time":"2024-08-19T18:36:04+00:00","og_image":[{"url":"https:\/\/portalesafaz.sefaz.pe.gov.br\/wp-content\/uploads\/2024\/05\/pos.jpeg","type":"","width":"","height":""}],"twitter_card":"summary_large_image","twitter_misc":{"Est. tempo de leitura":"2 minutos"},"schema":{"@context":"https:\/\/schema.org","@graph":[{"@type":"WebPage","@id":"https:\/\/portalesafaz.sefaz.pe.gov.br\/index.php\/programa-de-pos-graduacao\/","url":"https:\/\/portalesafaz.sefaz.pe.gov.br\/index.php\/programa-de-pos-graduacao\/","name":"Programa de P\u00f3s-Gradua\u00e7\u00e3o - Site Esafaz","isPartOf":{"@id":"http:\/\/localhost\/#website"},"primaryImageOfPage":{"@id":"https:\/\/portalesafaz.sefaz.pe.gov.br\/index.php\/programa-de-pos-graduacao\/#primaryimage"},"image":{"@id":"https:\/\/portalesafaz.sefaz.pe.gov.br\/index.php\/programa-de-pos-graduacao\/#primaryimage"},"thumbnailUrl":"https:\/\/portalesafaz.sefaz.pe.gov.br\/wp-content\/uploads\/2024\/05\/pos.jpeg","datePublished":"2024-05-02T13:30:32+00:00","dateModified":"2024-08-19T18:36:04+00:00","breadcrumb":{"@id":"https:\/\/portalesafaz.sefaz.pe.gov.br\/index.php\/programa-de-pos-graduacao\/#breadcrumb"},"inLanguage":"pt-BR","potentialAction":[{"@type":"ReadAction","target":["https:\/\/portalesafaz.sefaz.pe.gov.br\/index.php\/programa-de-pos-graduacao\/"]}]},{"@type":"ImageObject","inLanguage":"pt-BR","@id":"https:\/\/portalesafaz.sefaz.pe.gov.br\/index.php\/programa-de-pos-graduacao\/#primaryimage","url":"https:\/\/portalesafaz.sefaz.pe.gov.br\/wp-content\/uploads\/2024\/05\/pos.jpeg","contentUrl":"https:\/\/portalesafaz.sefaz.pe.gov.br\/wp-content\/uploads\/2024\/05\/pos.jpeg"},{"@type":"BreadcrumbList","@id":"https:\/\/portalesafaz.sefaz.pe.gov.br\/index.php\/programa-de-pos-graduacao\/#breadcrumb","itemListElement":[{"@type":"ListItem","position":1,"name":"In\u00edcio","item":"https:\/\/esafaz.sefaz.pe.gov.br\/"},{"@type":"ListItem","position":2,"name":"Programa de P\u00f3s-Gradua\u00e7\u00e3o"}]},{"@type":"WebSite","@id":"http:\/\/localhost\/#website","url":"http:\/\/localhost\/","name":"Portal Esafaz","description":"","publisher":{"@id":"http:\/\/localhost\/#organization"},"potentialAction":[{"@type":"SearchAction","target":{"@type":"EntryPoint","urlTemplate":"http:\/\/localhost\/?s={search_term_string}"},"query-input":{"@type":"PropertyValueSpecification","valueRequired":true,"valueName":"search_term_string"}}],"inLanguage":"pt-BR"},{"@type":"Organization","@id":"http:\/\/localhost\/#organization","name":"Portal Esafaz","url":"http:\/\/localhost\/","logo":{"@type":"ImageObject","inLanguage":"pt-BR","@id":"http:\/\/localhost\/#\/schema\/logo\/image\/","url":"https:\/\/portalesafaz.sefaz.pe.gov.br\/wp-content\/uploads\/2024\/04\/icone-esafaz.jpeg","contentUrl":"https:\/\/portalesafaz.sefaz.pe.gov.br\/wp-content\/uploads\/2024\/04\/icone-esafaz.jpeg","width":300,"height":300,"caption":"Portal Esafaz"},"image":{"@id":"http:\/\/localhost\/#\/schema\/logo\/image\/"},"sameAs":["https:\/\/www.instagram.com\/esafazpe\/"]}]}},"jetpack_sharing_enabled":true,"_links":{"self":[{"href":"https:\/\/esafaz.sefaz.pe.gov.br\/index.php\/wp-json\/wp\/v2\/pages\/754"}],"collection":[{"href":"https:\/\/esafaz.sefaz.pe.gov.br\/index.php\/wp-json\/wp\/v2\/pages"}],"about":[{"href":"https:\/\/esafaz.sefaz.pe.gov.br\/index.php\/wp-json\/wp\/v2\/types\/page"}],"author":[{"embeddable":true,"href":"https:\/\/esafaz.sefaz.pe.gov.br\/index.php\/wp-json\/wp\/v2\/users\/1"}],"replies":[{"embeddable":true,"href":"https:\/\/esafaz.sefaz.pe.gov.br\/index.php\/wp-json\/wp\/v2\/comments?post=754"}],"version-history":[{"count":68,"href":"https:\/\/esafaz.sefaz.pe.gov.br\/index.php\/wp-json\/wp\/v2\/pages\/754\/revisions"}],"predecessor-version":[{"id":2993,"href":"https:\/\/esafaz.sefaz.pe.gov.br\/index.php\/wp-json\/wp\/v2\/pages\/754\/revisions\/2993"}],"wp:attachment":[{"href":"https:\/\/esafaz.sefaz.pe.gov.br\/index.php\/wp-json\/wp\/v2\/media?parent=754"}],"curies":[{"name":"wp","href":"https:\/\/api.w.org\/{rel}","templated":true}]}}