{"id":4827,"date":"2025-07-02T15:19:38","date_gmt":"2025-07-02T18:19:38","guid":{"rendered":"https:\/\/esafaz.sefaz.pe.gov.br\/?page_id=4827"},"modified":"2026-04-09T14:55:40","modified_gmt":"2026-04-09T17:55:40","slug":"agenda-mes","status":"publish","type":"page","link":"https:\/\/esafaz.sefaz.pe.gov.br\/index.php\/agenda-mes\/","title":{"rendered":"Agenda"},"content":{"rendered":"\n<br><br>\n\n\n\n<h1>Agenda de Abril<\/h1>\n\n\n\n<br>\n\n\n\n<p>Garanta sua vaga atrav\u00e9s do link abaixo:<br><a href=\"https:\/\/linktr.ee\/esafaz\">Link para Inscri\u00e7\u00e3o<\/a><\/p>\n\n\n\n<p><strong>Contato da ESAFAZ<\/strong><br>Unidade de Capacita\u00e7\u00f5es Internas:<br>\ud83d\udcde Telefone: (81) 3183-5992<br>\ud83d\udcf1 WhatsApp: (81) 98494-1568<\/p>\n\n\n\n<p><strong>Receba Nossas Atualiza\u00e7\u00f5es!<\/strong><br>Clique no link abaixo para receber a programa\u00e7\u00e3o dos cursos da ESAFAZ diretamente no WhatsApp:<br><a href=\"https:\/\/chat.whatsapp.com\/Lgdljz0Mr9BIy0K9J3k1qG\" target=\"_blank\" rel=\"noreferrer noopener\">Informativos ESAFAZ<\/a><\/p>\n\n\n\n<figure class=\"wp-block-gallery has-nested-images columns-default is-cropped wp-block-gallery-1 is-layout-flex wp-block-gallery-is-layout-flex\">\n<figure class=\"wp-block-image size-large\"><img fetchpriority=\"high\" decoding=\"async\" width=\"1024\" height=\"1024\" data-id=\"5689\" src=\"https:\/\/esafaz.sefaz.pe.gov.br\/wp-content\/uploads\/2026\/04\/3-1024x1024.png\" alt=\"\" class=\"wp-image-5689\" srcset=\"https:\/\/esafaz.sefaz.pe.gov.br\/wp-content\/uploads\/2026\/04\/3-1024x1024.png 1024w, https:\/\/esafaz.sefaz.pe.gov.br\/wp-content\/uploads\/2026\/04\/3-300x300.png 300w, https:\/\/esafaz.sefaz.pe.gov.br\/wp-content\/uploads\/2026\/04\/3-150x150.png 150w, https:\/\/esafaz.sefaz.pe.gov.br\/wp-content\/uploads\/2026\/04\/3-768x768.png 768w, https:\/\/esafaz.sefaz.pe.gov.br\/wp-content\/uploads\/2026\/04\/3.png 1080w\" sizes=\"(max-width: 1024px) 100vw, 1024px\" \/><\/figure>\n\n\n\n<figure class=\"wp-block-image size-large\"><img decoding=\"async\" width=\"1080\" height=\"1080\" data-id=\"5690\" src=\"https:\/\/esafaz.sefaz.pe.gov.br\/wp-content\/uploads\/2026\/04\/4-1024x1024.png\" alt=\"\" class=\"wp-image-5690\" srcset=\"https:\/\/esafaz.sefaz.pe.gov.br\/wp-content\/uploads\/2026\/04\/4-1024x1024.png 1024w, https:\/\/esafaz.sefaz.pe.gov.br\/wp-content\/uploads\/2026\/04\/4-300x300.png 300w, https:\/\/esafaz.sefaz.pe.gov.br\/wp-content\/uploads\/2026\/04\/4-150x150.png 150w, https:\/\/esafaz.sefaz.pe.gov.br\/wp-content\/uploads\/2026\/04\/4-768x768.png 768w, https:\/\/esafaz.sefaz.pe.gov.br\/wp-content\/uploads\/2026\/04\/4.png 1080w\" sizes=\"(max-width: 1080px) 100vw, 1080px\" \/><\/figure>\n<\/figure>\n\n\n\n<br><br><br>\n","protected":false},"excerpt":{"rendered":"<p>Agenda de Abril Garanta sua vaga atrav\u00e9s do link abaixo:Link para Inscri\u00e7\u00e3o Contato da ESAFAZUnidade de Capacita\u00e7\u00f5es Internas:\ud83d\udcde Telefone: (81) 3183-5992\ud83d\udcf1 WhatsApp: (81) 98494-1568 Receba Nossas Atualiza\u00e7\u00f5es!Clique no link abaixo para receber a programa\u00e7\u00e3o dos cursos da ESAFAZ diretamente no WhatsApp:Informativos ESAFAZ<\/p>\n","protected":false},"author":1,"featured_media":0,"parent":0,"menu_order":0,"comment_status":"closed","ping_status":"closed","template":"","meta":{"inline_featured_image":false,"courseId":0,"footnotes":""},"class_list":["post-4827","page","type-page","status-publish"],"yoast_head":"<!-- This site is optimized with the Yoast SEO plugin v25.1 - https:\/\/yoast.com\/wordpress\/plugins\/seo\/ -->\r\n<title>Agenda - Site Esafaz<\/title>\r\n<meta name=\"robots\" content=\"index, follow, max-snippet:-1, max-image-preview:large, max-video-preview:-1\" \/>\r\n<link rel=\"canonical\" href=\"https:\/\/esafaz.sefaz.pe.gov.br\/index.php\/agenda-mes\/\" \/>\r\n<meta property=\"og:locale\" content=\"pt_BR\" \/>\r\n<meta property=\"og:type\" content=\"article\" \/>\r\n<meta property=\"og:title\" content=\"Agenda - Site Esafaz\" \/>\r\n<meta property=\"og:description\" content=\"Agenda de Abril Garanta sua vaga atrav\u00e9s do link abaixo:Link para Inscri\u00e7\u00e3o Contato da ESAFAZUnidade de Capacita\u00e7\u00f5es Internas:\ud83d\udcde Telefone: (81) 3183-5992\ud83d\udcf1 WhatsApp: (81) 98494-1568 Receba Nossas Atualiza\u00e7\u00f5es!Clique no link abaixo para receber a programa\u00e7\u00e3o dos cursos da ESAFAZ diretamente no WhatsApp:Informativos ESAFAZ\" \/>\r\n<meta property=\"og:url\" content=\"https:\/\/esafaz.sefaz.pe.gov.br\/index.php\/agenda-mes\/\" \/>\r\n<meta property=\"og:site_name\" content=\"Site Esafaz\" \/>\r\n<meta property=\"article:modified_time\" content=\"2026-04-09T17:55:40+00:00\" \/>\r\n<meta property=\"og:image\" content=\"https:\/\/esafaz.sefaz.pe.gov.br\/wp-content\/uploads\/2026\/04\/3.png\" \/>\r\n\t<meta property=\"og:image:width\" content=\"1080\" \/>\r\n\t<meta property=\"og:image:height\" content=\"1080\" \/>\r\n\t<meta property=\"og:image:type\" content=\"image\/png\" \/>\r\n<meta name=\"twitter:card\" content=\"summary_large_image\" \/>\r\n<meta name=\"twitter:label1\" content=\"Est. tempo de leitura\" \/>\n\t<meta name=\"twitter:data1\" content=\"1 minuto\" \/>\r\n<script type=\"application\/ld+json\" class=\"yoast-schema-graph\">{\"@context\":\"https:\/\/schema.org\",\"@graph\":[{\"@type\":\"WebPage\",\"@id\":\"https:\/\/esafaz.sefaz.pe.gov.br\/index.php\/agenda-mes\/\",\"url\":\"https:\/\/esafaz.sefaz.pe.gov.br\/index.php\/agenda-mes\/\",\"name\":\"Agenda - Site Esafaz\",\"isPartOf\":{\"@id\":\"http:\/\/localhost\/#website\"},\"primaryImageOfPage\":{\"@id\":\"https:\/\/esafaz.sefaz.pe.gov.br\/index.php\/agenda-mes\/#primaryimage\"},\"image\":{\"@id\":\"https:\/\/esafaz.sefaz.pe.gov.br\/index.php\/agenda-mes\/#primaryimage\"},\"thumbnailUrl\":\"https:\/\/esafaz.sefaz.pe.gov.br\/wp-content\/uploads\/2026\/04\/3-1024x1024.png\",\"datePublished\":\"2025-07-02T18:19:38+00:00\",\"dateModified\":\"2026-04-09T17:55:40+00:00\",\"breadcrumb\":{\"@id\":\"https:\/\/esafaz.sefaz.pe.gov.br\/index.php\/agenda-mes\/#breadcrumb\"},\"inLanguage\":\"pt-BR\",\"potentialAction\":[{\"@type\":\"ReadAction\",\"target\":[\"https:\/\/esafaz.sefaz.pe.gov.br\/index.php\/agenda-mes\/\"]}]},{\"@type\":\"ImageObject\",\"inLanguage\":\"pt-BR\",\"@id\":\"https:\/\/esafaz.sefaz.pe.gov.br\/index.php\/agenda-mes\/#primaryimage\",\"url\":\"https:\/\/esafaz.sefaz.pe.gov.br\/wp-content\/uploads\/2026\/04\/3.png\",\"contentUrl\":\"https:\/\/esafaz.sefaz.pe.gov.br\/wp-content\/uploads\/2026\/04\/3.png\",\"width\":1080,\"height\":1080},{\"@type\":\"BreadcrumbList\",\"@id\":\"https:\/\/esafaz.sefaz.pe.gov.br\/index.php\/agenda-mes\/#breadcrumb\",\"itemListElement\":[{\"@type\":\"ListItem\",\"position\":1,\"name\":\"In\u00edcio\",\"item\":\"https:\/\/esafaz.sefaz.pe.gov.br\/\"},{\"@type\":\"ListItem\",\"position\":2,\"name\":\"Agenda\"}]},{\"@type\":\"WebSite\",\"@id\":\"http:\/\/localhost\/#website\",\"url\":\"http:\/\/localhost\/\",\"name\":\"Portal Esafaz\",\"description\":\"\",\"publisher\":{\"@id\":\"http:\/\/localhost\/#organization\"},\"potentialAction\":[{\"@type\":\"SearchAction\",\"target\":{\"@type\":\"EntryPoint\",\"urlTemplate\":\"http:\/\/localhost\/?s={search_term_string}\"},\"query-input\":{\"@type\":\"PropertyValueSpecification\",\"valueRequired\":true,\"valueName\":\"search_term_string\"}}],\"inLanguage\":\"pt-BR\"},{\"@type\":\"Organization\",\"@id\":\"http:\/\/localhost\/#organization\",\"name\":\"Portal Esafaz\",\"url\":\"http:\/\/localhost\/\",\"logo\":{\"@type\":\"ImageObject\",\"inLanguage\":\"pt-BR\",\"@id\":\"http:\/\/localhost\/#\/schema\/logo\/image\/\",\"url\":\"https:\/\/portalesafaz.sefaz.pe.gov.br\/wp-content\/uploads\/2024\/04\/icone-esafaz.jpeg\",\"contentUrl\":\"https:\/\/portalesafaz.sefaz.pe.gov.br\/wp-content\/uploads\/2024\/04\/icone-esafaz.jpeg\",\"width\":300,\"height\":300,\"caption\":\"Portal Esafaz\"},\"image\":{\"@id\":\"http:\/\/localhost\/#\/schema\/logo\/image\/\"},\"sameAs\":[\"https:\/\/www.instagram.com\/esafazpe\/\"]}]}<\/script>\r\n<!-- \/ Yoast SEO plugin. -->","yoast_head_json":{"title":"Agenda - Site Esafaz","robots":{"index":"index","follow":"follow","max-snippet":"max-snippet:-1","max-image-preview":"max-image-preview:large","max-video-preview":"max-video-preview:-1"},"canonical":"https:\/\/esafaz.sefaz.pe.gov.br\/index.php\/agenda-mes\/","og_locale":"pt_BR","og_type":"article","og_title":"Agenda - Site Esafaz","og_description":"Agenda de Abril Garanta sua vaga atrav\u00e9s do link abaixo:Link para Inscri\u00e7\u00e3o Contato da ESAFAZUnidade de Capacita\u00e7\u00f5es Internas:\ud83d\udcde Telefone: (81) 3183-5992\ud83d\udcf1 WhatsApp: (81) 98494-1568 Receba Nossas Atualiza\u00e7\u00f5es!Clique no link abaixo para receber a programa\u00e7\u00e3o dos cursos da ESAFAZ diretamente no WhatsApp:Informativos ESAFAZ","og_url":"https:\/\/esafaz.sefaz.pe.gov.br\/index.php\/agenda-mes\/","og_site_name":"Site Esafaz","article_modified_time":"2026-04-09T17:55:40+00:00","og_image":[{"width":1080,"height":1080,"url":"https:\/\/esafaz.sefaz.pe.gov.br\/wp-content\/uploads\/2026\/04\/3.png","type":"image\/png"}],"twitter_card":"summary_large_image","twitter_misc":{"Est. tempo de leitura":"1 minuto"},"schema":{"@context":"https:\/\/schema.org","@graph":[{"@type":"WebPage","@id":"https:\/\/esafaz.sefaz.pe.gov.br\/index.php\/agenda-mes\/","url":"https:\/\/esafaz.sefaz.pe.gov.br\/index.php\/agenda-mes\/","name":"Agenda - Site Esafaz","isPartOf":{"@id":"http:\/\/localhost\/#website"},"primaryImageOfPage":{"@id":"https:\/\/esafaz.sefaz.pe.gov.br\/index.php\/agenda-mes\/#primaryimage"},"image":{"@id":"https:\/\/esafaz.sefaz.pe.gov.br\/index.php\/agenda-mes\/#primaryimage"},"thumbnailUrl":"https:\/\/esafaz.sefaz.pe.gov.br\/wp-content\/uploads\/2026\/04\/3-1024x1024.png","datePublished":"2025-07-02T18:19:38+00:00","dateModified":"2026-04-09T17:55:40+00:00","breadcrumb":{"@id":"https:\/\/esafaz.sefaz.pe.gov.br\/index.php\/agenda-mes\/#breadcrumb"},"inLanguage":"pt-BR","potentialAction":[{"@type":"ReadAction","target":["https:\/\/esafaz.sefaz.pe.gov.br\/index.php\/agenda-mes\/"]}]},{"@type":"ImageObject","inLanguage":"pt-BR","@id":"https:\/\/esafaz.sefaz.pe.gov.br\/index.php\/agenda-mes\/#primaryimage","url":"https:\/\/esafaz.sefaz.pe.gov.br\/wp-content\/uploads\/2026\/04\/3.png","contentUrl":"https:\/\/esafaz.sefaz.pe.gov.br\/wp-content\/uploads\/2026\/04\/3.png","width":1080,"height":1080},{"@type":"BreadcrumbList","@id":"https:\/\/esafaz.sefaz.pe.gov.br\/index.php\/agenda-mes\/#breadcrumb","itemListElement":[{"@type":"ListItem","position":1,"name":"In\u00edcio","item":"https:\/\/esafaz.sefaz.pe.gov.br\/"},{"@type":"ListItem","position":2,"name":"Agenda"}]},{"@type":"WebSite","@id":"http:\/\/localhost\/#website","url":"http:\/\/localhost\/","name":"Portal Esafaz","description":"","publisher":{"@id":"http:\/\/localhost\/#organization"},"potentialAction":[{"@type":"SearchAction","target":{"@type":"EntryPoint","urlTemplate":"http:\/\/localhost\/?s={search_term_string}"},"query-input":{"@type":"PropertyValueSpecification","valueRequired":true,"valueName":"search_term_string"}}],"inLanguage":"pt-BR"},{"@type":"Organization","@id":"http:\/\/localhost\/#organization","name":"Portal Esafaz","url":"http:\/\/localhost\/","logo":{"@type":"ImageObject","inLanguage":"pt-BR","@id":"http:\/\/localhost\/#\/schema\/logo\/image\/","url":"https:\/\/portalesafaz.sefaz.pe.gov.br\/wp-content\/uploads\/2024\/04\/icone-esafaz.jpeg","contentUrl":"https:\/\/portalesafaz.sefaz.pe.gov.br\/wp-content\/uploads\/2024\/04\/icone-esafaz.jpeg","width":300,"height":300,"caption":"Portal Esafaz"},"image":{"@id":"http:\/\/localhost\/#\/schema\/logo\/image\/"},"sameAs":["https:\/\/www.instagram.com\/esafazpe\/"]}]}},"jetpack_sharing_enabled":true,"_links":{"self":[{"href":"https:\/\/esafaz.sefaz.pe.gov.br\/index.php\/wp-json\/wp\/v2\/pages\/4827"}],"collection":[{"href":"https:\/\/esafaz.sefaz.pe.gov.br\/index.php\/wp-json\/wp\/v2\/pages"}],"about":[{"href":"https:\/\/esafaz.sefaz.pe.gov.br\/index.php\/wp-json\/wp\/v2\/types\/page"}],"author":[{"embeddable":true,"href":"https:\/\/esafaz.sefaz.pe.gov.br\/index.php\/wp-json\/wp\/v2\/users\/1"}],"replies":[{"embeddable":true,"href":"https:\/\/esafaz.sefaz.pe.gov.br\/index.php\/wp-json\/wp\/v2\/comments?post=4827"}],"version-history":[{"count":18,"href":"https:\/\/esafaz.sefaz.pe.gov.br\/index.php\/wp-json\/wp\/v2\/pages\/4827\/revisions"}],"predecessor-version":[{"id":5708,"href":"https:\/\/esafaz.sefaz.pe.gov.br\/index.php\/wp-json\/wp\/v2\/pages\/4827\/revisions\/5708"}],"wp:attachment":[{"href":"https:\/\/esafaz.sefaz.pe.gov.br\/index.php\/wp-json\/wp\/v2\/media?parent=4827"}],"curies":[{"name":"wp","href":"https:\/\/api.w.org\/{rel}","templated":true}]}}