{"id":4704,"date":"2025-06-16T15:49:05","date_gmt":"2025-06-16T18:49:05","guid":{"rendered":"https:\/\/esafaz.sefaz.pe.gov.br\/?page_id=4704"},"modified":"2026-04-14T14:17:04","modified_gmt":"2026-04-14T17:17:04","slug":"planos-de-cursos","status":"publish","type":"page","link":"https:\/\/esafaz.sefaz.pe.gov.br\/index.php\/planos-de-cursos\/","title":{"rendered":"Planos de Cursos"},"content":{"rendered":"\n<!DOCTYPE html>\n<html lang=\"pt-br\">\n<head>\n    <title>Cards com Links para PDF<\/title>\n    <meta charset=\"utf-8\">\n    <link href=\"https:\/\/cdn.jsdelivr.net\/npm\/bootstrap@5.3.0\/dist\/css\/bootstrap.min.css\" rel=\"stylesheet\">\n    <style>\n        body {\n            background-color: #f8f9fa;\n        }\n        .meus-cards-container {\n            display: flex;\n            justify-content: center;\n            flex-wrap: wrap;\n            gap: 20px;\n            padding: 50px 20px;\n        }\n        .card-link {\n            text-decoration: none;\n            color: inherit;\n            display: block;\n        }\n        .card-link:hover {\n            text-decoration: none;\n            color: inherit;\n        }\n        .meus-cards-container .card {\n            width: 18rem;\n            box-shadow: 0 4px 8px rgba(0,0,0,0.1);\n            border-radius: 10px;\n            overflow: hidden;\n            transition: transform 0.2s, box-shadow 0.2s;\n            cursor: pointer;\n            background-color: #fff;\n        }\n        .meus-cards-container .card:hover {\n            transform: scale(1.05);\n            box-shadow: 0 8px 16px rgba(0,0,0,0.2);\n        }\n        .meus-cards-container .card img {\n            width: 100%;\n            height: 100%;\n            object-fit: cover;\n            display: block;\n        }\n    <\/style>\n<\/head>\n<body>\n\n<div class=\"meus-cards-container\">\n\n    <a href=\"https:\/\/esafaz.sefaz.pe.gov.br\/wp-content\/uploads\/2025\/07\/Site_Agil-do-jeito-certo-com-Microsoft-Planner-_16h.pdf\" target=\"_blank\" rel=\"noopener\" class=\"card-link\">\n        <div class=\"card\">\n            <img decoding=\"async\" class=\"card-img-top\" src=\"https:\/\/esafaz.sefaz.pe.gov.br\/wp-content\/uploads\/2025\/07\/agil_jeito_certo.png\" alt=\"\u00c1gil do Jeito Certo com o Microsoft Planner\">\n        <\/div>\n    <\/a>\n\n<a href=\"https:\/\/esafaz.sefaz.pe.gov.br\/wp-content\/uploads\/2026\/04\/Gestao_de_Teto__Novas_Resolucoes_Financeiras.pdf\" target=\"_blank\" rel=\"noopener\" class=\"card-link\">\n        <div class=\"card\">\n            <img decoding=\"async\" class=\"card-img-top\" src=\"https:\/\/esafaz.sefaz.pe.gov.br\/wp-content\/uploads\/2026\/04\/planos-de-curso-1.png\" alt=\"\u00c1gil do Jeito Certo com o Microsoft Planner\">\n        <\/div>\n    <\/a>\n\n    <a href=\"https:\/\/esafaz.sefaz.pe.gov.br\/wp-content\/uploads\/2025\/07\/Aplicacoes-de-IA-Generativa-na-SEFAZ_-Automacao-Analise-e-Otimizacao_10h.pdf\" target=\"_blank\" rel=\"noopener\" class=\"card-link\">\n        <div class=\"card\">\n            <img decoding=\"async\" class=\"card-img-top\" src=\"https:\/\/esafaz.sefaz.pe.gov.br\/wp-content\/uploads\/2025\/07\/IA_generativa.png\" alt=\"Aplica\u00e7\u00f5es de IA Generativa na SEFAZ\">\n        <\/div>\n    <\/a>\n\n    <a href=\"https:\/\/esafaz.sefaz.pe.gov.br\/wp-content\/uploads\/2025\/07\/GBPe-FISCO-CADASTRO-DE-MATERIAIS-E-SERVICOS-PARA-USUARIOS.pdf\" target=\"_blank\" rel=\"noopener\" class=\"card-link\">\n        <div class=\"card\">\n            <img decoding=\"async\" class=\"card-img-top\" src=\"https:\/\/esafaz.sefaz.pe.gov.br\/wp-content\/uploads\/2025\/07\/planos-de-curso.png\" alt=\"Cadastro de Materiais\">\n        <\/div>\n    <\/a>\n\n    <a href=\"https:\/\/esafaz.sefaz.pe.gov.br\/wp-content\/uploads\/2025\/07\/CEO-.pdf\" target=\"_blank\" rel=\"noopener\" class=\"card-link\">\n        <div class=\"card\">\n            <img decoding=\"async\" class=\"card-img-top\" src=\"https:\/\/esafaz.sefaz.pe.gov.br\/wp-content\/uploads\/2025\/07\/planos-de-curso-6.png\" alt=\"CEO\">\n        <\/div>\n    <\/a>\n\n<a href=\"https:\/\/esafaz.sefaz.pe.gov.br\/wp-content\/uploads\/2025\/07\/e-Fisco-Consultas-e-Lancamentos-Contabeis.pdf\" target=\"_blank\" rel=\"noopener\" class=\"card-link\">\n        <div class=\"card\">\n            <img decoding=\"async\" class=\"card-img-top\" src=\"https:\/\/esafaz.sefaz.pe.gov.br\/wp-content\/uploads\/2025\/07\/e-Fisco-Consultas-e-Lancamentos-Contabeis.png\" alt=\"e-Fisco - Consultas e Lan\u00e7amentos Cont\u00e1beis\">\n        <\/div>\n    <\/a>\n\n<a href=\"https:\/\/esafaz.sefaz.pe.gov.br\/wp-content\/uploads\/2025\/07\/e-Fisco-\u2013-Empenhamento-e-Liquidacao-da-Despesa.pdf\" target=\"_blank\" rel=\"noopener\" class=\"card-link\">\n        <div class=\"card\">\n            <img decoding=\"async\" class=\"card-img-top\" src=\"https:\/\/esafaz.sefaz.pe.gov.br\/wp-content\/uploads\/2025\/07\/planos-de-cursoe-Fisco-\u2013-Empenhamento-e-Liquidacao-da-Despesa.png\" alt=\"e- Fisco \u2013 Empenhamento e Liquida\u00e7\u00e3o da Despesa\">\n        <\/div>\n    <\/a>\n\n<a href=\"https:\/\/esafaz.sefaz.pe.gov.br\/wp-content\/uploads\/2025\/07\/e-Fisco-Retencoes-Tributarias-\u2013-IR-INSS-e-ISS.pdf\" target=\"_blank\" rel=\"noopener\" class=\"card-link\">\n        <div class=\"card\">\n            <img decoding=\"async\" class=\"card-img-top\" src=\"https:\/\/esafaz.sefaz.pe.gov.br\/wp-content\/uploads\/2025\/07\/planos-de-curso-e-Fisco-Retencoes-Tributarias-\u2013-IR-INSS-e-ISS.png\" alt=\"e-Fisco Reten\u00e7\u00f5es Tribut\u00e1rias \u2013 IR, INSS e ISS\">\n        <\/div>\n    <\/a>\n\n    <a href=\"https:\/\/esafaz.sefaz.pe.gov.br\/wp-content\/uploads\/2025\/07\/Curso_Basico___Criando_Visualizacoes_com_QlikSense_20h.pdf\" target=\"_blank\" rel=\"noopener\" class=\"card-link\">\n        <div class=\"card\">\n            <img decoding=\"async\" class=\"card-img-top\" src=\"https:\/\/esafaz.sefaz.pe.gov.br\/wp-content\/uploads\/2025\/07\/QlikSense.png\" alt=\"Curso B\u00e1sico \u2013 Criando Visualiza\u00e7\u00f5es com QlikSense\">\n        <\/div>\n    <\/a>\n\n    <a href=\"https:\/\/esafaz.sefaz.pe.gov.br\/wp-content\/uploads\/2025\/07\/Site_GESTAO_DO_TETO_DE_GASTOS_GD3_24h.pdf\" target=\"_blank\" rel=\"noopener\" class=\"card-link\">\n        <div class=\"card\">\n            <img decoding=\"async\" class=\"card-img-top\" src=\"https:\/\/esafaz.sefaz.pe.gov.br\/wp-content\/uploads\/2025\/07\/gestao_gastos.png\" alt=\"GEST\u00c3O DO TETO DE GASTOS DE GD3\">\n        <\/div>\n    <\/a>\n\n    <a href=\"https:\/\/esafaz.sefaz.pe.gov.br\/wp-content\/uploads\/2025\/07\/Curso-GTV_Modulo-A.pdf\" target=\"_blank\" rel=\"noopener\" class=\"card-link\">\n        <div class=\"card\">\n            <img decoding=\"async\" class=\"card-img-top\" src=\"https:\/\/esafaz.sefaz.pe.gov.br\/wp-content\/uploads\/2025\/07\/planos-de-curso-3.png\" alt=\"GVT M\u00f3dulo A\">\n        <\/div>\n    <\/a>\n\n    <a href=\"https:\/\/esafaz.sefaz.pe.gov.br\/wp-content\/uploads\/2025\/07\/Plano_de_Curso_GTV_Modulo_B_2025.pdf\" target=\"_blank\" rel=\"noopener\" class=\"card-link\">\n        <div class=\"card\">\n            <img decoding=\"async\" class=\"card-img-top\" src=\"https:\/\/esafaz.sefaz.pe.gov.br\/wp-content\/uploads\/2025\/07\/planos-de-curso-4.png\" alt=\"GVT M\u00f3dulo B\">\n        <\/div>\n    <\/a>\n\n    <a href=\"https:\/\/esafaz.sefaz.pe.gov.br\/wp-content\/uploads\/2025\/07\/e-Fisco-Pagamento-da-Despesa-.pdf\" target=\"_blank\" rel=\"noopener\" class=\"card-link\">\n        <div class=\"card\">\n            <img decoding=\"async\" class=\"card-img-top\" src=\"https:\/\/esafaz.sefaz.pe.gov.br\/wp-content\/uploads\/2025\/07\/planos-de-curso-5.png\" alt=\"Pagamento da Despesa\">\n        <\/div>\n    <\/a>\n\n    <a href=\"https:\/\/esafaz.sefaz.pe.gov.br\/wp-content\/uploads\/2025\/07\/e-Fisco-Prestacao-de-Contas-.pdf\" target=\"_blank\" rel=\"noopener\" class=\"card-link\">\n        <div class=\"card\">\n            <img decoding=\"async\" class=\"card-img-top\" src=\"https:\/\/esafaz.sefaz.pe.gov.br\/wp-content\/uploads\/2025\/07\/planos-de-curso-2.png\" alt=\"Presta\u00e7\u00e3o de Contas\">\n        <\/div>\n    <\/a>\n\n<a href=\"https:\/\/esafaz.sefaz.pe.gov.br\/wp-content\/uploads\/2025\/07\/PROGRAMACAO-FINANCEIRA-PARA-UGC.pdf\" target=\"_blank\" rel=\"noopener\" class=\"card-link\">\n        <div class=\"card\">\n            <img decoding=\"async\" class=\"card-img-top\" src=\"https:\/\/esafaz.sefaz.pe.gov.br\/wp-content\/uploads\/2025\/07\/planos-de-curso-programacao-finaceira.png\" alt=\"Programa\u00e7\u00e3o Financeira Para UGC\">\n        <\/div>\n    <\/a>\n\n<a href=\"https:\/\/esafaz.sefaz.pe.gov.br\/wp-content\/uploads\/2025\/07\/Regularizacoes-Contabeis-no-Sistema-e-Fisco.pdf\" target=\"_blank\" rel=\"noopener\" class=\"card-link\">\n        <div class=\"card\">\n            <img decoding=\"async\" class=\"card-img-top\" src=\"https:\/\/esafaz.sefaz.pe.gov.br\/wp-content\/uploads\/2025\/07\/Regularizacoes-Contabeis-no-Sistema-e-Fisco.png\" alt=\"Regulariza\u00e7\u00f5es Cont\u00e1beis no Sistema e-Fisco\">\n        <\/div>\n    <\/a>\n\n<a href=\"https:\/\/esafaz.sefaz.pe.gov.br\/wp-content\/uploads\/2025\/10\/Simples-Nacional-Teoria-e-aplicacoes-praticas-no-ambito-da-SEFAZ-PE-1.pdf\" target=\"_blank\" rel=\"noopener\" class=\"card-link\">\n        <div class=\"card\">\n            <img decoding=\"async\" class=\"card-img-top\" src=\"https:\/\/esafaz.sefaz.pe.gov.br\/wp-content\/uploads\/2025\/10\/capa-simples-nacional.png\" alt=\"Simples Nacional\">\n        <\/div>\n    <\/a>\n\n    <a href=\"https:\/\/esafaz.sefaz.pe.gov.br\/wp-content\/uploads\/2025\/07\/Plano_Curso_Redacao_oficial_Tatiana_Nobrega.pdf\" target=\"_blank\" rel=\"noopener\" class=\"card-link\">\n        <div class=\"card\">\n            <img decoding=\"async\" class=\"card-img-top\" src=\"https:\/\/esafaz.sefaz.pe.gov.br\/wp-content\/uploads\/2025\/07\/Redacao.png\" alt=\"T\u00e9cnicas de Reda\u00e7\u00e3o com Enfoque nas Comunica\u00e7\u00f5es Oficiais\">\n        <\/div>\n    <\/a>\n\n<\/div>\n\n<script src=\"https:\/\/cdn.jsdelivr.net\/npm\/bootstrap@5.3.0\/dist\/js\/bootstrap.bundle.min.js\"><\/script>\n<\/body>\n<\/html>\n\n\n\n<p><\/p>\n","protected":false},"excerpt":{"rendered":"<p>Cards com Links para PDF<\/p>\n","protected":false},"author":1,"featured_media":0,"parent":0,"menu_order":0,"comment_status":"closed","ping_status":"closed","template":"","meta":{"inline_featured_image":false,"courseId":0,"footnotes":""},"class_list":["post-4704","page","type-page","status-publish"],"yoast_head":"<!-- This site is optimized with the Yoast SEO plugin v25.1 - https:\/\/yoast.com\/wordpress\/plugins\/seo\/ -->\r\n<title>Planos de Cursos - Site Esafaz<\/title>\r\n<meta name=\"robots\" content=\"index, follow, max-snippet:-1, max-image-preview:large, max-video-preview:-1\" \/>\r\n<link rel=\"canonical\" href=\"https:\/\/esafaz.sefaz.pe.gov.br\/index.php\/planos-de-cursos\/\" \/>\r\n<meta property=\"og:locale\" content=\"pt_BR\" \/>\r\n<meta property=\"og:type\" content=\"article\" \/>\r\n<meta property=\"og:title\" content=\"Planos de Cursos - Site Esafaz\" \/>\r\n<meta property=\"og:description\" content=\"Cards com Links para PDF\" \/>\r\n<meta property=\"og:url\" content=\"https:\/\/esafaz.sefaz.pe.gov.br\/index.php\/planos-de-cursos\/\" \/>\r\n<meta property=\"og:site_name\" content=\"Site Esafaz\" \/>\r\n<meta property=\"article:modified_time\" content=\"2026-04-14T17:17:04+00:00\" \/>\r\n<meta property=\"og:image\" content=\"https:\/\/esafaz.sefaz.pe.gov.br\/wp-content\/uploads\/2025\/07\/agil_jeito_certo.png\" \/>\r\n<meta name=\"twitter:card\" content=\"summary_large_image\" \/>\r\n<meta name=\"twitter:label1\" content=\"Est. tempo de leitura\" \/>\n\t<meta name=\"twitter:data1\" content=\"4 minutos\" \/>\r\n<script type=\"application\/ld+json\" class=\"yoast-schema-graph\">{\"@context\":\"https:\/\/schema.org\",\"@graph\":[{\"@type\":\"WebPage\",\"@id\":\"https:\/\/esafaz.sefaz.pe.gov.br\/index.php\/planos-de-cursos\/\",\"url\":\"https:\/\/esafaz.sefaz.pe.gov.br\/index.php\/planos-de-cursos\/\",\"name\":\"Planos de Cursos - Site Esafaz\",\"isPartOf\":{\"@id\":\"http:\/\/localhost\/#website\"},\"primaryImageOfPage\":{\"@id\":\"https:\/\/esafaz.sefaz.pe.gov.br\/index.php\/planos-de-cursos\/#primaryimage\"},\"image\":{\"@id\":\"https:\/\/esafaz.sefaz.pe.gov.br\/index.php\/planos-de-cursos\/#primaryimage\"},\"thumbnailUrl\":\"https:\/\/esafaz.sefaz.pe.gov.br\/wp-content\/uploads\/2025\/07\/agil_jeito_certo.png\",\"datePublished\":\"2025-06-16T18:49:05+00:00\",\"dateModified\":\"2026-04-14T17:17:04+00:00\",\"breadcrumb\":{\"@id\":\"https:\/\/esafaz.sefaz.pe.gov.br\/index.php\/planos-de-cursos\/#breadcrumb\"},\"inLanguage\":\"pt-BR\",\"potentialAction\":[{\"@type\":\"ReadAction\",\"target\":[\"https:\/\/esafaz.sefaz.pe.gov.br\/index.php\/planos-de-cursos\/\"]}]},{\"@type\":\"ImageObject\",\"inLanguage\":\"pt-BR\",\"@id\":\"https:\/\/esafaz.sefaz.pe.gov.br\/index.php\/planos-de-cursos\/#primaryimage\",\"url\":\"https:\/\/esafaz.sefaz.pe.gov.br\/wp-content\/uploads\/2025\/07\/agil_jeito_certo.png\",\"contentUrl\":\"https:\/\/esafaz.sefaz.pe.gov.br\/wp-content\/uploads\/2025\/07\/agil_jeito_certo.png\",\"width\":1080,\"height\":1080},{\"@type\":\"BreadcrumbList\",\"@id\":\"https:\/\/esafaz.sefaz.pe.gov.br\/index.php\/planos-de-cursos\/#breadcrumb\",\"itemListElement\":[{\"@type\":\"ListItem\",\"position\":1,\"name\":\"In\u00edcio\",\"item\":\"https:\/\/esafaz.sefaz.pe.gov.br\/\"},{\"@type\":\"ListItem\",\"position\":2,\"name\":\"Planos de Cursos\"}]},{\"@type\":\"WebSite\",\"@id\":\"http:\/\/localhost\/#website\",\"url\":\"http:\/\/localhost\/\",\"name\":\"Portal Esafaz\",\"description\":\"\",\"publisher\":{\"@id\":\"http:\/\/localhost\/#organization\"},\"potentialAction\":[{\"@type\":\"SearchAction\",\"target\":{\"@type\":\"EntryPoint\",\"urlTemplate\":\"http:\/\/localhost\/?s={search_term_string}\"},\"query-input\":{\"@type\":\"PropertyValueSpecification\",\"valueRequired\":true,\"valueName\":\"search_term_string\"}}],\"inLanguage\":\"pt-BR\"},{\"@type\":\"Organization\",\"@id\":\"http:\/\/localhost\/#organization\",\"name\":\"Portal Esafaz\",\"url\":\"http:\/\/localhost\/\",\"logo\":{\"@type\":\"ImageObject\",\"inLanguage\":\"pt-BR\",\"@id\":\"http:\/\/localhost\/#\/schema\/logo\/image\/\",\"url\":\"https:\/\/portalesafaz.sefaz.pe.gov.br\/wp-content\/uploads\/2024\/04\/icone-esafaz.jpeg\",\"contentUrl\":\"https:\/\/portalesafaz.sefaz.pe.gov.br\/wp-content\/uploads\/2024\/04\/icone-esafaz.jpeg\",\"width\":300,\"height\":300,\"caption\":\"Portal Esafaz\"},\"image\":{\"@id\":\"http:\/\/localhost\/#\/schema\/logo\/image\/\"},\"sameAs\":[\"https:\/\/www.instagram.com\/esafazpe\/\"]}]}<\/script>\r\n<!-- \/ Yoast SEO plugin. -->","yoast_head_json":{"title":"Planos de Cursos - Site Esafaz","robots":{"index":"index","follow":"follow","max-snippet":"max-snippet:-1","max-image-preview":"max-image-preview:large","max-video-preview":"max-video-preview:-1"},"canonical":"https:\/\/esafaz.sefaz.pe.gov.br\/index.php\/planos-de-cursos\/","og_locale":"pt_BR","og_type":"article","og_title":"Planos de Cursos - Site Esafaz","og_description":"Cards com Links para PDF","og_url":"https:\/\/esafaz.sefaz.pe.gov.br\/index.php\/planos-de-cursos\/","og_site_name":"Site Esafaz","article_modified_time":"2026-04-14T17:17:04+00:00","og_image":[{"url":"https:\/\/esafaz.sefaz.pe.gov.br\/wp-content\/uploads\/2025\/07\/agil_jeito_certo.png","type":"","width":"","height":""}],"twitter_card":"summary_large_image","twitter_misc":{"Est. tempo de leitura":"4 minutos"},"schema":{"@context":"https:\/\/schema.org","@graph":[{"@type":"WebPage","@id":"https:\/\/esafaz.sefaz.pe.gov.br\/index.php\/planos-de-cursos\/","url":"https:\/\/esafaz.sefaz.pe.gov.br\/index.php\/planos-de-cursos\/","name":"Planos de Cursos - Site Esafaz","isPartOf":{"@id":"http:\/\/localhost\/#website"},"primaryImageOfPage":{"@id":"https:\/\/esafaz.sefaz.pe.gov.br\/index.php\/planos-de-cursos\/#primaryimage"},"image":{"@id":"https:\/\/esafaz.sefaz.pe.gov.br\/index.php\/planos-de-cursos\/#primaryimage"},"thumbnailUrl":"https:\/\/esafaz.sefaz.pe.gov.br\/wp-content\/uploads\/2025\/07\/agil_jeito_certo.png","datePublished":"2025-06-16T18:49:05+00:00","dateModified":"2026-04-14T17:17:04+00:00","breadcrumb":{"@id":"https:\/\/esafaz.sefaz.pe.gov.br\/index.php\/planos-de-cursos\/#breadcrumb"},"inLanguage":"pt-BR","potentialAction":[{"@type":"ReadAction","target":["https:\/\/esafaz.sefaz.pe.gov.br\/index.php\/planos-de-cursos\/"]}]},{"@type":"ImageObject","inLanguage":"pt-BR","@id":"https:\/\/esafaz.sefaz.pe.gov.br\/index.php\/planos-de-cursos\/#primaryimage","url":"https:\/\/esafaz.sefaz.pe.gov.br\/wp-content\/uploads\/2025\/07\/agil_jeito_certo.png","contentUrl":"https:\/\/esafaz.sefaz.pe.gov.br\/wp-content\/uploads\/2025\/07\/agil_jeito_certo.png","width":1080,"height":1080},{"@type":"BreadcrumbList","@id":"https:\/\/esafaz.sefaz.pe.gov.br\/index.php\/planos-de-cursos\/#breadcrumb","itemListElement":[{"@type":"ListItem","position":1,"name":"In\u00edcio","item":"https:\/\/esafaz.sefaz.pe.gov.br\/"},{"@type":"ListItem","position":2,"name":"Planos de Cursos"}]},{"@type":"WebSite","@id":"http:\/\/localhost\/#website","url":"http:\/\/localhost\/","name":"Portal Esafaz","description":"","publisher":{"@id":"http:\/\/localhost\/#organization"},"potentialAction":[{"@type":"SearchAction","target":{"@type":"EntryPoint","urlTemplate":"http:\/\/localhost\/?s={search_term_string}"},"query-input":{"@type":"PropertyValueSpecification","valueRequired":true,"valueName":"search_term_string"}}],"inLanguage":"pt-BR"},{"@type":"Organization","@id":"http:\/\/localhost\/#organization","name":"Portal Esafaz","url":"http:\/\/localhost\/","logo":{"@type":"ImageObject","inLanguage":"pt-BR","@id":"http:\/\/localhost\/#\/schema\/logo\/image\/","url":"https:\/\/portalesafaz.sefaz.pe.gov.br\/wp-content\/uploads\/2024\/04\/icone-esafaz.jpeg","contentUrl":"https:\/\/portalesafaz.sefaz.pe.gov.br\/wp-content\/uploads\/2024\/04\/icone-esafaz.jpeg","width":300,"height":300,"caption":"Portal Esafaz"},"image":{"@id":"http:\/\/localhost\/#\/schema\/logo\/image\/"},"sameAs":["https:\/\/www.instagram.com\/esafazpe\/"]}]}},"jetpack_sharing_enabled":true,"_links":{"self":[{"href":"https:\/\/esafaz.sefaz.pe.gov.br\/index.php\/wp-json\/wp\/v2\/pages\/4704"}],"collection":[{"href":"https:\/\/esafaz.sefaz.pe.gov.br\/index.php\/wp-json\/wp\/v2\/pages"}],"about":[{"href":"https:\/\/esafaz.sefaz.pe.gov.br\/index.php\/wp-json\/wp\/v2\/types\/page"}],"author":[{"embeddable":true,"href":"https:\/\/esafaz.sefaz.pe.gov.br\/index.php\/wp-json\/wp\/v2\/users\/1"}],"replies":[{"embeddable":true,"href":"https:\/\/esafaz.sefaz.pe.gov.br\/index.php\/wp-json\/wp\/v2\/comments?post=4704"}],"version-history":[{"count":25,"href":"https:\/\/esafaz.sefaz.pe.gov.br\/index.php\/wp-json\/wp\/v2\/pages\/4704\/revisions"}],"predecessor-version":[{"id":5781,"href":"https:\/\/esafaz.sefaz.pe.gov.br\/index.php\/wp-json\/wp\/v2\/pages\/4704\/revisions\/5781"}],"wp:attachment":[{"href":"https:\/\/esafaz.sefaz.pe.gov.br\/index.php\/wp-json\/wp\/v2\/media?parent=4704"}],"curies":[{"name":"wp","href":"https:\/\/api.w.org\/{rel}","templated":true}]}}