    {"id":318,"date":"2024-04-25T15:26:22","date_gmt":"2024-04-25T18:26:22","guid":{"rendered":"http:\/\/localhost\/site\/?page_id=318"},"modified":"2024-05-02T10:54:15","modified_gmt":"2024-05-02T13:54:15","slug":"318-2","status":"publish","type":"page","link":"https:\/\/esafaz.sefaz.pe.gov.br\/index.php\/318-2\/","title":{"rendered":"Capacita\u00e7\u00e3o T\u00e9cnica"},"content":{"rendered":"\n<!DOCTYPE html>\n<html lang=\"en\">\n<head>\n    <meta charset=\"UTF-8\">\n    <meta name=\"viewport\" content=\"width=device-width, initial-scale=1.0\">\n    <title>Document<\/title>\n<style>\n.pub{\ncolor:#999\n}\n\n<\/style>\n\n<\/head>\n<body>\n   <p class=\"pub\"> Publicado em 01 de Abril de 2024.<\/p>\n<\/body>\n<\/html>\n\n\n\n<p><\/p>\n\n\n\n<h2 class=\"wp-block-heading\">Capacita\u00e7\u00e3o T\u00e9cnica do Tribunal Fiscal da Guin\u00e9-Bissau<\/h2>\n\n\n\n<div class=\"wp-block-media-text is-stacked-on-mobile is-style-default\"><figure class=\"wp-block-media-text__media\"><img decoding=\"async\" src=\"http:\/\/localhost\/site\/wp-content\/uploads\/2024\/04\/guine.jpeg\" alt=\"\"\/><\/figure><div class=\"wp-block-media-text__content\">\n<p><\/p>\n\n\n\n<p class=\"has-text-align-left\">A Secretaria da Fazenda de Pernambuco (Sefaz-PE) por meio da Escola Fazend\u00e1ria (Esafaz) realizou durante os dias 26 de fevereiro a 1\u00ba de mar\u00e7o, a Capacita\u00e7\u00e3o T\u00e9cnica ao Tribunal Fiscal da Guin\u00e9-Bissau. Este interc\u00e2mbio marca o estreitamento de la\u00e7os entre o Estado de Pernambuco e a Rep\u00fablica da Guin\u00e9-Bissau, iniciando uma Coopera\u00e7\u00e3o T\u00e9cnica Internacional entre o Tribunal Fiscal da Guin\u00e9-Bissau e a Sefaz, em parceria com o Centro Universit\u00e1rio de Patos (Unifip), a Procuradoria Geral do Estado (PGE), o Tribunal Regional do Trabalho (TRT\/6\u00ba Regi\u00e3o) e a Procuradoria Regional da Fazenda Nacional (PRFN\/5\u00aaRegi\u00e3o).<\/p>\n\n\n\n<p>A iniciativa estabelece as bases para o interc\u00e2mbio de conhecimento, experi\u00eancias e melhores pr\u00e1ticas na \u00e1rea do Direito Jur\u00eddico-tribut\u00e1rio, <\/p>\n\n\n\n<p><\/p>\n<\/div><\/div>\n\n\n\n<p class=\"has-text-align-left\"> visando fortalecer as capacidades institucionais e promover o desenvolvimento econ\u00f4mico sustent\u00e1vel em ambos os pa\u00edses. Todas as tem\u00e1ticas do treinamento e capacita\u00e7\u00e3o para a delega\u00e7\u00e3o guineense foram selecionadas de acordo com as necessidades levantadas pelo Tribunal Fiscal da Guin\u00e9-Bissau.<\/p>\n\n\n\n<p>Como testemunho do compromisso m\u00fatuo com essa parceria, o Ju\u00edz Presidente do Tribunal Fiscal da Guin\u00e9-Bissau, Alfredo C\u00f3, expressou a sua confian\u00e7a de que essa coopera\u00e7\u00e3o t\u00e9cnica n\u00e3o apenas beneficiar\u00e1 os sistemas jur\u00eddico-tribut\u00e1rios de ambos os pa\u00edses, mas tamb\u00e9m contribuir\u00e1 para o avan\u00e7o estabilidade e prosperidade em toda a regi\u00e3o.<\/p>\n\n\n\n<p>A Diretora da Escola Fazend\u00e1ria de Pernambuco, Nathalia Farias, destacou a import\u00e2ncia desta capacita\u00e7\u00e3o para a Sefaz que aprimora a efici\u00eancia e a transpar\u00eancia dos sistemas fiscais. \u201cOferecer a capacita\u00e7\u00e3o t\u00e9cnica na \u00e1rea jur\u00eddico-tribut\u00e1ria ao Tribunal Fiscal da Guin\u00e9-Bissau, al\u00e9m de representar o reconhecimento da expertise pernambucana na tem\u00e1tica, \u00e9 uma grande oportunidade para Secretaria da Fazenda e parceiros, contribuir para o fortalecimento institucional e o desenvolvimento socioecon\u00f4mico guineense, ao mesmo tempo em que promove o interc\u00e2mbio de conhecimentos e a coopera\u00e7\u00e3o internacional&#8221;.<\/p>\n\n\n\n<p>Participaram da solenidade de abertura, al\u00e9m do Secret\u00e1rio da Fazenda estadual, Wilson Jos\u00e9 de Paula, a Procuradora Geral do Estado, Bianca Teixeira, o Procurador Chefe da Procuradoria Regional da Fazenda Nacional, Alexandre Freire; o desembargador do Tribunal Regional do Trabalho, F\u00e1bio Farias; o Coordenador do N\u00facleo de Rela\u00e7\u00f5es Internacionais da Unifip, Arnaldo Sucuma e o juiz presidente do Tribunal Fiscal da Guin\u00e9-Bissau, Alfredo C\u00f3. Tamb\u00e9m estiveram presentes o Presidente do Tribunal Administrativo Tribut\u00e1rio Estadual de Pernambuco (TATE), Davi Cozzi, a Secret\u00e1ria Adjunta da Fazenda, Stephanie Pereira, o Coordenador da \u00c1rea Tribut\u00e1ria, Cristiano Arag\u00e3o Dias, o Secret\u00e1rio Executivo do Controle Interno da Sefaz, F\u00e1bio Henrique, a Secret\u00e1ria Executiva de Rela\u00e7\u00f5es Internacionais do governo do Estado, Rayane Aguiar e a Pr\u00f3-Reitora de P\u00f3s Gradua\u00e7\u00e3o da Universidade Cat\u00f3lica de Pernambuco, Valdenice Raimundo.<\/p>\n\n\n\n<p>A Capacita\u00e7\u00e3o contou com tem\u00e1ticas voltadas ao modelo tribut\u00e1rio nacional e estadual, com palestras em diversos temas, tais como:<\/p>\n\n\n\n<ul class=\"wp-block-list\">\n<li>Processo executivo tribut\u00e1rio<\/li>\n\n\n\n<li>Processo judicial tribut\u00e1rio;<\/li>\n\n\n\n<li>Processo administrativo tribut\u00e1rio contencioso;<\/li>\n\n\n\n<li>Garantias impugnat\u00f3rias dos contribuintes;<\/li>\n\n\n\n<li>Direitos e deveres dos contribuintes tribut\u00e1rios;<\/li>\n\n\n\n<li>Fraudes e Crimes fiscais;<\/li>\n\n\n\n<li>An\u00e1lise comparativa dos direitos e garantias do contribuinte nos ordenamentos jur\u00eddicos Portugu\u00eas e Brasileiro;<\/li>\n\n\n\n<li>Sistemas (e-Fisco, Malha Fina);<\/li>\n\n\n\n<li>Benef\u00edcios Fiscais.<\/li>\n<\/ul>\n\n\n\n<p><br>Al\u00e9m da visita ao Espa\u00e7o Memorial SEFAZ, onde puderam conhecer sobre a hist\u00f3ria dos 132 anos da Secretaria da Fazenda do Estado de Pernambuco. Tamb\u00e9m visitaram o Pa\u00e7o do Frevo, Museu Cais do Sert\u00e3o, TRT 6\u00ba Regi\u00e3o e o Pal\u00e1cio do Campo das Princesas.<\/p>\n\n\n\n<\/br><\/br>\n\n\n<div id=\"slider_69e390b356fb7\" class=\"slider_instance\" style=\"position: relative;\" data-options=\"{&quot;slides&quot;:[],&quot;rootFolder&quot;:&quot;https:\\\/\\\/esafaz.sefaz.pe.gov.br\\\/wp-content\\\/plugins\\\/transition-slider-lite\\\/&quot;}\"><\/div>\n\n\n\n<\/br><\/br><\/br><\/br><\/br><\/br><\/br>\n","protected":false},"excerpt":{"rendered":"<p>Document Publicado em 01 de Abril de 2024. Capacita\u00e7\u00e3o T\u00e9cnica do Tribunal Fiscal da Guin\u00e9-Bissau A Secretaria da Fazenda de Pernambuco (Sefaz-PE) por meio da Escola Fazend\u00e1ria (Esafaz) realizou durante os dias 26 de fevereiro a 1\u00ba de mar\u00e7o, a Capacita\u00e7\u00e3o T\u00e9cnica ao Tribunal Fiscal da Guin\u00e9-Bissau. Este interc\u00e2mbio marca o estreitamento de la\u00e7os entre &#8230; <a title=\"Capacita\u00e7\u00e3o T\u00e9cnica\" class=\"read-more\" href=\"https:\/\/esafaz.sefaz.pe.gov.br\/index.php\/318-2\/\" aria-label=\"Read more about Capacita\u00e7\u00e3o T\u00e9cnica\">Ler mais<\/a><\/p>\n","protected":false},"author":1,"featured_media":0,"parent":0,"menu_order":0,"comment_status":"closed","ping_status":"closed","template":"","meta":{"inline_featured_image":false,"courseId":0,"footnotes":""},"class_list":["post-318","page","type-page","status-publish"],"yoast_head":"<!-- This site is optimized with the Yoast SEO plugin v25.1 - https:\/\/yoast.com\/wordpress\/plugins\/seo\/ -->\r\n<title>Capacita\u00e7\u00e3o T\u00e9cnica - Site Esafaz<\/title>\r\n<meta name=\"robots\" content=\"index, follow, max-snippet:-1, max-image-preview:large, max-video-preview:-1\" \/>\r\n<link rel=\"canonical\" href=\"https:\/\/portalesafaz.sefaz.pe.gov.br\/index.php\/318-2\/\" \/>\r\n<meta property=\"og:locale\" content=\"pt_BR\" \/>\r\n<meta property=\"og:type\" content=\"article\" \/>\r\n<meta property=\"og:title\" content=\"Capacita\u00e7\u00e3o T\u00e9cnica - Site Esafaz\" \/>\r\n<meta property=\"og:description\" content=\"Document Publicado em 01 de Abril de 2024. Capacita\u00e7\u00e3o T\u00e9cnica do Tribunal Fiscal da Guin\u00e9-Bissau A Secretaria da Fazenda de Pernambuco (Sefaz-PE) por meio da Escola Fazend\u00e1ria (Esafaz) realizou durante os dias 26 de fevereiro a 1\u00ba de mar\u00e7o, a Capacita\u00e7\u00e3o T\u00e9cnica ao Tribunal Fiscal da Guin\u00e9-Bissau. Este interc\u00e2mbio marca o estreitamento de la\u00e7os entre ... Ler mais\" \/>\r\n<meta property=\"og:url\" content=\"https:\/\/portalesafaz.sefaz.pe.gov.br\/index.php\/318-2\/\" \/>\r\n<meta property=\"og:site_name\" content=\"Site Esafaz\" \/>\r\n<meta property=\"article:modified_time\" content=\"2024-05-02T13:54:15+00:00\" \/>\r\n<meta property=\"og:image\" content=\"http:\/\/localhost\/site\/wp-content\/uploads\/2024\/04\/guine.jpeg\" \/>\r\n<meta name=\"twitter:card\" content=\"summary_large_image\" \/>\r\n<meta name=\"twitter:label1\" content=\"Est. tempo de leitura\" \/>\n\t<meta name=\"twitter:data1\" content=\"4 minutos\" \/>\r\n<script type=\"application\/ld+json\" class=\"yoast-schema-graph\">{\"@context\":\"https:\/\/schema.org\",\"@graph\":[{\"@type\":\"WebPage\",\"@id\":\"https:\/\/portalesafaz.sefaz.pe.gov.br\/index.php\/318-2\/\",\"url\":\"https:\/\/portalesafaz.sefaz.pe.gov.br\/index.php\/318-2\/\",\"name\":\"Capacita\u00e7\u00e3o T\u00e9cnica - Site Esafaz\",\"isPartOf\":{\"@id\":\"http:\/\/localhost\/#website\"},\"primaryImageOfPage\":{\"@id\":\"https:\/\/portalesafaz.sefaz.pe.gov.br\/index.php\/318-2\/#primaryimage\"},\"image\":{\"@id\":\"https:\/\/portalesafaz.sefaz.pe.gov.br\/index.php\/318-2\/#primaryimage\"},\"thumbnailUrl\":\"http:\/\/localhost\/site\/wp-content\/uploads\/2024\/04\/guine.jpeg\",\"datePublished\":\"2024-04-25T18:26:22+00:00\",\"dateModified\":\"2024-05-02T13:54:15+00:00\",\"breadcrumb\":{\"@id\":\"https:\/\/portalesafaz.sefaz.pe.gov.br\/index.php\/318-2\/#breadcrumb\"},\"inLanguage\":\"pt-BR\",\"potentialAction\":[{\"@type\":\"ReadAction\",\"target\":[\"https:\/\/portalesafaz.sefaz.pe.gov.br\/index.php\/318-2\/\"]}]},{\"@type\":\"ImageObject\",\"inLanguage\":\"pt-BR\",\"@id\":\"https:\/\/portalesafaz.sefaz.pe.gov.br\/index.php\/318-2\/#primaryimage\",\"url\":\"http:\/\/localhost\/site\/wp-content\/uploads\/2024\/04\/guine.jpeg\",\"contentUrl\":\"http:\/\/localhost\/site\/wp-content\/uploads\/2024\/04\/guine.jpeg\"},{\"@type\":\"BreadcrumbList\",\"@id\":\"https:\/\/portalesafaz.sefaz.pe.gov.br\/index.php\/318-2\/#breadcrumb\",\"itemListElement\":[{\"@type\":\"ListItem\",\"position\":1,\"name\":\"In\u00edcio\",\"item\":\"https:\/\/esafaz.sefaz.pe.gov.br\/\"},{\"@type\":\"ListItem\",\"position\":2,\"name\":\"Capacita\u00e7\u00e3o T\u00e9cnica\"}]},{\"@type\":\"WebSite\",\"@id\":\"http:\/\/localhost\/#website\",\"url\":\"http:\/\/localhost\/\",\"name\":\"Portal Esafaz\",\"description\":\"\",\"publisher\":{\"@id\":\"http:\/\/localhost\/#organization\"},\"potentialAction\":[{\"@type\":\"SearchAction\",\"target\":{\"@type\":\"EntryPoint\",\"urlTemplate\":\"http:\/\/localhost\/?s={search_term_string}\"},\"query-input\":{\"@type\":\"PropertyValueSpecification\",\"valueRequired\":true,\"valueName\":\"search_term_string\"}}],\"inLanguage\":\"pt-BR\"},{\"@type\":\"Organization\",\"@id\":\"http:\/\/localhost\/#organization\",\"name\":\"Portal Esafaz\",\"url\":\"http:\/\/localhost\/\",\"logo\":{\"@type\":\"ImageObject\",\"inLanguage\":\"pt-BR\",\"@id\":\"http:\/\/localhost\/#\/schema\/logo\/image\/\",\"url\":\"https:\/\/portalesafaz.sefaz.pe.gov.br\/wp-content\/uploads\/2024\/04\/icone-esafaz.jpeg\",\"contentUrl\":\"https:\/\/portalesafaz.sefaz.pe.gov.br\/wp-content\/uploads\/2024\/04\/icone-esafaz.jpeg\",\"width\":300,\"height\":300,\"caption\":\"Portal Esafaz\"},\"image\":{\"@id\":\"http:\/\/localhost\/#\/schema\/logo\/image\/\"},\"sameAs\":[\"https:\/\/www.instagram.com\/esafazpe\/\"]}]}<\/script>\r\n<!-- \/ Yoast SEO plugin. -->","yoast_head_json":{"title":"Capacita\u00e7\u00e3o T\u00e9cnica - Site Esafaz","robots":{"index":"index","follow":"follow","max-snippet":"max-snippet:-1","max-image-preview":"max-image-preview:large","max-video-preview":"max-video-preview:-1"},"canonical":"https:\/\/portalesafaz.sefaz.pe.gov.br\/index.php\/318-2\/","og_locale":"pt_BR","og_type":"article","og_title":"Capacita\u00e7\u00e3o T\u00e9cnica - Site Esafaz","og_description":"Document Publicado em 01 de Abril de 2024. Capacita\u00e7\u00e3o T\u00e9cnica do Tribunal Fiscal da Guin\u00e9-Bissau A Secretaria da Fazenda de Pernambuco (Sefaz-PE) por meio da Escola Fazend\u00e1ria (Esafaz) realizou durante os dias 26 de fevereiro a 1\u00ba de mar\u00e7o, a Capacita\u00e7\u00e3o T\u00e9cnica ao Tribunal Fiscal da Guin\u00e9-Bissau. Este interc\u00e2mbio marca o estreitamento de la\u00e7os entre ... Ler mais","og_url":"https:\/\/portalesafaz.sefaz.pe.gov.br\/index.php\/318-2\/","og_site_name":"Site Esafaz","article_modified_time":"2024-05-02T13:54:15+00:00","og_image":[{"url":"http:\/\/localhost\/site\/wp-content\/uploads\/2024\/04\/guine.jpeg","type":"","width":"","height":""}],"twitter_card":"summary_large_image","twitter_misc":{"Est. tempo de leitura":"4 minutos"},"schema":{"@context":"https:\/\/schema.org","@graph":[{"@type":"WebPage","@id":"https:\/\/portalesafaz.sefaz.pe.gov.br\/index.php\/318-2\/","url":"https:\/\/portalesafaz.sefaz.pe.gov.br\/index.php\/318-2\/","name":"Capacita\u00e7\u00e3o T\u00e9cnica - Site Esafaz","isPartOf":{"@id":"http:\/\/localhost\/#website"},"primaryImageOfPage":{"@id":"https:\/\/portalesafaz.sefaz.pe.gov.br\/index.php\/318-2\/#primaryimage"},"image":{"@id":"https:\/\/portalesafaz.sefaz.pe.gov.br\/index.php\/318-2\/#primaryimage"},"thumbnailUrl":"http:\/\/localhost\/site\/wp-content\/uploads\/2024\/04\/guine.jpeg","datePublished":"2024-04-25T18:26:22+00:00","dateModified":"2024-05-02T13:54:15+00:00","breadcrumb":{"@id":"https:\/\/portalesafaz.sefaz.pe.gov.br\/index.php\/318-2\/#breadcrumb"},"inLanguage":"pt-BR","potentialAction":[{"@type":"ReadAction","target":["https:\/\/portalesafaz.sefaz.pe.gov.br\/index.php\/318-2\/"]}]},{"@type":"ImageObject","inLanguage":"pt-BR","@id":"https:\/\/portalesafaz.sefaz.pe.gov.br\/index.php\/318-2\/#primaryimage","url":"http:\/\/localhost\/site\/wp-content\/uploads\/2024\/04\/guine.jpeg","contentUrl":"http:\/\/localhost\/site\/wp-content\/uploads\/2024\/04\/guine.jpeg"},{"@type":"BreadcrumbList","@id":"https:\/\/portalesafaz.sefaz.pe.gov.br\/index.php\/318-2\/#breadcrumb","itemListElement":[{"@type":"ListItem","position":1,"name":"In\u00edcio","item":"https:\/\/esafaz.sefaz.pe.gov.br\/"},{"@type":"ListItem","position":2,"name":"Capacita\u00e7\u00e3o T\u00e9cnica"}]},{"@type":"WebSite","@id":"http:\/\/localhost\/#website","url":"http:\/\/localhost\/","name":"Portal Esafaz","description":"","publisher":{"@id":"http:\/\/localhost\/#organization"},"potentialAction":[{"@type":"SearchAction","target":{"@type":"EntryPoint","urlTemplate":"http:\/\/localhost\/?s={search_term_string}"},"query-input":{"@type":"PropertyValueSpecification","valueRequired":true,"valueName":"search_term_string"}}],"inLanguage":"pt-BR"},{"@type":"Organization","@id":"http:\/\/localhost\/#organization","name":"Portal Esafaz","url":"http:\/\/localhost\/","logo":{"@type":"ImageObject","inLanguage":"pt-BR","@id":"http:\/\/localhost\/#\/schema\/logo\/image\/","url":"https:\/\/portalesafaz.sefaz.pe.gov.br\/wp-content\/uploads\/2024\/04\/icone-esafaz.jpeg","contentUrl":"https:\/\/portalesafaz.sefaz.pe.gov.br\/wp-content\/uploads\/2024\/04\/icone-esafaz.jpeg","width":300,"height":300,"caption":"Portal Esafaz"},"image":{"@id":"http:\/\/localhost\/#\/schema\/logo\/image\/"},"sameAs":["https:\/\/www.instagram.com\/esafazpe\/"]}]}},"jetpack_sharing_enabled":true,"_links":{"self":[{"href":"https:\/\/esafaz.sefaz.pe.gov.br\/index.php\/wp-json\/wp\/v2\/pages\/318"}],"collection":[{"href":"https:\/\/esafaz.sefaz.pe.gov.br\/index.php\/wp-json\/wp\/v2\/pages"}],"about":[{"href":"https:\/\/esafaz.sefaz.pe.gov.br\/index.php\/wp-json\/wp\/v2\/types\/page"}],"author":[{"embeddable":true,"href":"https:\/\/esafaz.sefaz.pe.gov.br\/index.php\/wp-json\/wp\/v2\/users\/1"}],"replies":[{"embeddable":true,"href":"https:\/\/esafaz.sefaz.pe.gov.br\/index.php\/wp-json\/wp\/v2\/comments?post=318"}],"version-history":[{"count":18,"href":"https:\/\/esafaz.sefaz.pe.gov.br\/index.php\/wp-json\/wp\/v2\/pages\/318\/revisions"}],"predecessor-version":[{"id":723,"href":"https:\/\/esafaz.sefaz.pe.gov.br\/index.php\/wp-json\/wp\/v2\/pages\/318\/revisions\/723"}],"wp:attachment":[{"href":"https:\/\/esafaz.sefaz.pe.gov.br\/index.php\/wp-json\/wp\/v2\/media?parent=318"}],"curies":[{"name":"wp","href":"https:\/\/api.w.org\/{rel}","templated":true}]}}